= -115 - -117. Suppose -4*a + b = -s, -h*a = a + 3*s - 315. Calculate the greatest common divisor of a and 12.
12
Let t = 714 - 699. What is the greatest common divisor of 70 and t?
5
Suppose 0 = -4*n + 3*s + 23, 0*s + 3*s = -4*n + 17. Suppose n*t + 161 - 36 = 0. Let c = 46 + t. Calculate the highest common factor of 21 and c.
21
Let d = 706 - 699. Let t = 2 - 1. Let k(q) = 22*q**3 - q**2 - q + 1. Let c be k(t). Calculate the highest common divisor of c and d.
7
Let k = 17 + 25. Suppose 2*m - 36 = 2*i, 5*i - k + 12 = -m. What is the greatest common factor of 20 and m?
20
Let v(k) = 2*k**3 - 36*k**2 - 11*k + 7. Let p be v(19). Calculate the highest common factor of p and 40.
40
Let h(i) = -4*i + 76. Let t be h(-6). What is the greatest common divisor of t and 125?
25
Let q = 27 - 24. Suppose 4*c + q*r - 201 = 0, 3*r = -4*c + 4*r + 189. Calculate the greatest common divisor of c and 16.
16
Suppose -3*r + 45 = 2*x - 61, 2*x + 2*r = 106. Let t = -27 + x. Let y(z) = 14*z - 3. Let j be y(3). What is the greatest common divisor of t and j?
13
Suppose 0 = 2*v - 31*q + 23*q + 40, 5*q - 22 = 2*v. Let x be 8 - 4/(1*-2). What is the greatest common factor of x and v?
2
Let b = 15 - 8. Suppose 3*g = 2*m + 1, -2*g + 7*g - b = 2*m. Suppose -54*r - 187 = 22*r - 643. What is the highest common divisor of g and r?
3
Let d(z) = -3*z + 5. Let s be d(-2). Let h(v) = -v**3 + 9*v**2 - v + 8. Let a be h(7). Calculate the greatest common factor of a and s.
11
Suppose -28*b = -26*b - 38. Suppose -6*k = -71 - b. Let o = 256 + -151. What is the greatest common divisor of o and k?
15
Let w(s) = 17*s + 86. Let d be w(14). What is the greatest common divisor of 54 and d?
54
Let u(i) = i**2 - 18*i + 137. Let b be u(26). Calculate the greatest common divisor of 460 and b.
115
Suppose -5*l = -3*h + 10, -3*h + 4*l - 3 + 11 = 0. Suppose -2*i + 76 + 32 = h. What is the highest common factor of i and 36?
18
Suppose 4*x + 2*s + 3*s = 1905, -3*s = -5*x + 2409. Suppose 6*i = 8*i - 4*q - 100, -5*i + 310 = 2*q. What is the greatest common factor of x and i?
60
Suppose t + 20 = 5*t. Suppose 3*a + 4*c = 28, -t = -a + 2*c + c. Let n = a + 0. Calculate the highest common divisor of 64 and n.
8
Let r(c) = -25*c. Let s(z) = z**2 + z - 2. Let y be s(2). Let q be r(y). Let x be q/(-6)*(-6)/(-5). Calculate the highest common factor of x and 4.
4
Suppose -3*r + 46 = 2*r + 2*w, -3*r - 3*w + 24 = 0. Let j be -3*r/(-3) + -4. Let b = 116 + -62. Calculate the greatest common factor of b and j.
6
Let y(x) be the first derivative of x**3/3 + x**2 + 15*x - 1. Let d be y(0). Let a be 2/(2 - 0) + 44. What is the highest common factor of d and a?
15
Let m(z) = -z - 3. Let c be m(4). Let s(d) = -4*d + 0*d - 7 - 6*d**2 + 6*d**2 - d**3 - 6*d**2. Let x be s(c). Calculate the highest common divisor of 28 and x.
14
Let z(r) = 6*r**2 + 96*r + 14. Let x be z(-16). Let y(s) = -15*s - 5. Let f be y(-5). Calculate the highest common divisor of x and f.
14
Suppose 2*h + 13 = 41. What is the greatest common factor of 1 and h?
1
Let w be (1 + 19)*42/12. Suppose -11*z + 16*z - 50 = 0. What is the greatest common divisor of w and z?
10
Let z be -2 + -1 - (-170 - 5). Let k = z - 107. Calculate the greatest common divisor of 26 and k.
13
Suppose -485 = -11*x + 439. Let l = x + -75. Suppose 3*k = -0*c + 3*c + 51, 3*k + 3*c = 57. What is the greatest common factor of l and k?
9
Let x(y) = -38*y**2 + y**3 - 28 + 0*y**2 + 23*y**2 + 7*y. Let c be x(15). Calculate the greatest common factor of c and 22.
11
Let r(l) = -l + 13. Suppose 4*b = 3*b + 6. Let q be r(b). Suppose -2*c + 26 = t + q, 1 = t. What is the highest common divisor of 18 and c?
9
Suppose -4*a - 97 + 1109 = 0. Calculate the greatest common divisor of 22 and a.
11
Let c(a) = -7*a + 218. Let d be c(28). Suppose 2*l - 4*w = 5 + 9, 5*l - 3*w - 49 = 0. Calculate the greatest common factor of d and l.
11
Let n(l) = -2*l + 3. Let t be n(6). Let v(m) = m + 17. Let g be v(t). What is the greatest common factor of g and 20?
4
Let q = -2 + 7. Let x(f) = -f**2 + 10 + 2 - 11*f - q + 5. Let c be x(-10). Calculate the highest common factor of c and 2.
2
Let s(l) = -13*l - 3. Let i be s(-2). Let f be i + (-7 - 1)/4. What is the greatest common divisor of f and 14?
7
Let i(v) = 3*v**2 - 3*v + 2. Let w be i(2). Let f(y) = y**3 - 7*y**2 - 5*y - 1. Let q be f(w). Calculate the greatest common factor of q and 69.
23
Suppose 2*f - 8 = -k - k, 3*k + 2*f = 10. Calculate the highest common divisor of 50 and k.
2
Suppose 130 + 68 = 2*k - 5*z, 5*k - 480 = 5*z. What is the highest common divisor of 846 and k?
94
Let y = -149 - -296. Calculate the highest common factor of y and 63.
21
Suppose -l - 71 = -3*f + 38, -33 = -f - 3*l. What is the greatest common divisor of 84 and f?
12
Suppose -2*k + 103 + 53 = -2*u, 2*k = -2*u + 136. Suppose -39 = -8*n + k. Calculate the greatest common divisor of 42 and n.
14
Let l(o) = -o**3 - o**2 + o + 4. Let c be l(0). Let h be c/(-14) - 279/(-21). Let g be -1 + -1 + -6 + 60. Calculate the greatest common factor of h and g.
13
Let y = -8 - 6. Let b = 8 - y. Suppose -b = -5*k + 53. What is the highest common factor of k and 15?
15
Let v(l) = -26*l**3 - l - 3. Let x be v(-1). Let d = 8 - 2. What is the highest common factor of d and x?
6
Let v be 184/18 + (-4)/18. Suppose -2*m + 34 = -9*k + 13*k, 2*m = 2*k - 26. What is the highest common divisor of v and k?
10
Let f = -466 + 683. Let k(j) = 24*j**3 - 53*j**3 + 28*j**3 - j**2 + j + 31. Let a be k(0). Calculate the greatest common divisor of f and a.
31
Let x be (-84 + 0 - 0)*4932/(-2877). Calculate the highest common factor of x and 256.
16
Let l(t) be the third derivative of t**5/12 + 3*t**4/8 + 2*t**3/3 - 32*t**2. Let h be l(-3). What is the highest common factor of h and 242?
22
Suppose 81*x = 69*x + 1488. What is the greatest common factor of 279 and x?
31
Let h(k) = -5*k - 11. Let l be h(-3). Suppose -l*x + j = -33, 5*j - 3 + 15 = 3*x. What is the greatest common factor of 36 and x?
9
Suppose 0*f - 32 = 4*f. Let m(i) = -6*i**2 + i + 5. Let p be m(f). Let j be p/(-18) + (-3)/2. What is the greatest common divisor of 5 and j?
5
Let q(w) = -w**2 - 22*w - 4. Let x(b) = 4*b - 6. Let t be x(-3). Let n be q(t). Suppose 0*u + 5*u - 85 = 0. What is the highest common divisor of n and u?
17
Let a be (-26*14)/(3/12). Let w be (a/24)/((-4)/6). Let m be 5 + 12 + -2 + -2. Calculate the greatest common divisor of w and m.
13
Suppose 0 = 5*v - l - 938, -v - 4*l + 178 = -l. Let m be ((-19)/(-57))/((-1)/(-33)). What is the highest common factor of m and v?
11
Let v = -527 + 794. Calculate the highest common factor of 445 and v.
89
Let k(b) = 13 + 60 - 26 + 4*b. Let v be k(-9). Calculate the highest common factor of 11 and v.
11
Let k(h) = 5*h. Let v be k(5). Let t be (-10146)/24 + (-6)/(-8) - -3. Let d = -294 - t. Calculate the highest common factor of v and d.
25
Let x(t) = 45*t. Let p be x(4). Let d be -30*(836/(-228) + (4 - 1)). What is the highest common factor of d and p?
20
Let p be (-1974)/(-147) + 3/(-7). What is the highest common divisor of p and 403?
13
Suppose 0 = x + x - 2*a + 24, 0 = -2*x + 3*a - 26. Let l be (15/3)/x*-50. Let j = 63 - l. What is the highest common factor of 38 and j?
38
Let q(k) = 37*k**3 - 5*k**2 - 36*k**3 + 3*k + 11*k + 6. Let j be q(6). Calculate the greatest common divisor of j and 18.
18
Let f(u) = u**2 + 6*u + 4. Let z be f(-7). What is the greatest common factor of 33 and z?
11
Let o be -180*(-27)/12 + 0 + 0. Calculate the highest common factor of 15 and o.
15
Let s = 10 - 17. Let l = -15 + s. Let h be (1 - 2)/(2/l). What is the highest common divisor of h and 1?
1
Suppose 4*b - 128 = 8*b. Let r be 32/48 + (-2 - b/6). What is the greatest common factor of 8 and r?
4
Let t(p) = -p**2 + 14*p - 20. Let q be t(11). What is the highest common factor of 169 and q?
13
Let p(c) = 4*c**2 - 9*c - 10. Let m be p(-2). Let r = -12 + 15. What is the highest common factor of m and r?
3
Suppose -u - 5*x + 29 = 0, u + 4*x - 25 = -0*u. Let s be ((-3)/u)/(1/3). Let a = 13 + s. What is the greatest common divisor of a and 6?
6
Let b(p) = -p**2 + 113*p + 40. Let i be b(0). What is the greatest common divisor of i and 160?
40
Let k = 10982 + -10976. Let a be (-2)/3 + (-26)/(-3). Calculate the highest co